749
Let k(l) = 2729*l - 990628. Calculate k(363).
-1
Let g(n) = 2*n**2 + 15468*n - 2012671. Calculate g(128).
1
Let d(n) = 110885*n - 1552390. Determine d(14).
0
Let f(i) = 21*i**2 - 857*i - 4269. What is f(-5)?
541
Let c(m) = 19139*m - 39991. Calculate c(2).
-1713
Let d(i) = -i**3 - 1154*i**2 - 4560*i + 45989. What is d(-1150)?
-11
Let w(s) = -s**3 - 19*s**2 - 2*s + 14. What is w(0)?
14
Let x(j) = -325*j - 3249. Calculate x(-12).
651
Let f(d) = d**3 + 202*d**2 + 710*d + 143343. What is f(-202)?
-77
Let q(u) = 42*u**2 - 16472*u + 3142. Determine q(392).
6
Let q(w) = w**3 + 456*w**2 + 898*w - 15. What is q(-2)?
5
Let l(p) = 36*p**2 - 395*p + 46. Determine l(11).
57
Let d(r) = 26*r**2 + 11047*r + 9784. What is d(-424)?
32
Let u(j) = -j**3 - 8*j**2 - 72*j - 462. Determine u(-7).
-7
Let c(p) = 5*p**3 + 80*p**2 + 85*p + 10. What is c(-15)?
-140
Let a(v) = -12*v**3 - 112*v**2 + 11*v + 367. What is a(-9)?
-56
Let f(z) = 120*z**2 + 6388*z + 12768. Give f(-2).
472
Let b(s) = -9*s**2 + 71*s + 5521. Calculate b(-30).
-4709
Let d(b) = -16*b**2 - 302*b + 1803. Give d(6).
-585
Let t(m) = 14418*m + 360399. What is t(-25)?
-51
Let i(a) = 30*a**2 - 135*a - 120. Give i(-1).
45
Let v(k) = 121*k**3 + 6*k**2 - 6*k + 3. What is v(1)?
124
Let u(n) = -10569*n - 591895. Give u(-56).
-31
Let x(d) = 251*d - 49431. Give x(198).
267
Let x(c) = -488*c + 73388. Give x(150).
188
Let z(i) = -37440*i - 1010863. Determine z(-27).
17
Let x(a) = -34*a**3 + 241*a**2 - 32*a + 53. What is x(7)?
-24
Let g(d) = 2*d**3 + 69*d**2 - 102*d - 1994. Determine g(-35).
351
Let m(j) = -j**3 + 975*j**2 - 134300*j + 4855. What is m(809)?
1
Let s(l) = -17524*l + 210359. What is s(12)?
71
Let q(t) = 1912*t - 392366. What is q(205)?
-406
Let p(i) = -2*i**3 - 4*i**2 - 52*i - 28. Determine p(-8).
1156
Let j(l) = -2*l**2 - 19495*l - 136395. Calculate j(-7).
-28
Let d(a) = 3*a**3 - 706*a**2 + 373*a - 32448. Calculate d(235).
-18
Let d(w) = -w**3 + 29*w**2 - 8*w - 633. Give d(23).
2357
Let u(p) = 397*p + 9932. Give u(-24).
404
Let q(l) = -238*l - 23893. Give q(-101).
145
Let a(r) = -r**3 + 12*r**2 - 7*r - 124. What is a(12)?
-208
Let d(l) = -69*l + 203. Calculate d(2).
65
Let f(c) = c**2 - 20*c - 35065. Give f(-178).
179
Let l(i) = -i**3 - 35*i**2 + 13*i + 441. Determine l(-35).
-14
Let m(u) = -106*u + 1471. Determine m(16).
-225
Let v(l) = 18*l**3 - 5*l**2 + 3*l - 3. Determine v(1).
13
Let r(k) = -1500*k**3 + 10*k**2 - 36*k - 46. Calculate r(-1).
1500
Let v(f) = -f**3 + 34*f**2 - 164*f + 33. Calculate v(7).
208
Let t(i) = -422*i**2 + 6310*i + 304. Determine t(15).
4
Let r(w) = -8*w**2 - 844*w - 4419. Calculate r(-100).
-19
Let m(d) = -2*d**3 + 1535*d**2 - 24780*d - 2309. Give m(751).
-56
Let p(h) = 4*h**2 - 776*h + 23777. Give p(38).
65
Let h(u) = u**3 + 356*u**2 + 10076*u + 316. What is h(-325)?
-9
Let o(v) = -v**3 + 10*v**2 + 366*v - 87. Determine o(-15).
48
Let u(j) = 4*j**3 + 49*j**2 - 232*j - 2751. What is u(-12)?
177
Let q(m) = 18990*m - 189906. Determine q(10).
-6
Let v(b) = -2*b**2 + 10464*b + 20927. What is v(-2)?
-9
Let l(k) = -164*k + 5960. Give l(36).
56
Let m(l) = -922*l + 15754. Give m(16).
1002
Let b(y) = 28*y**2 - 474*y + 2785. Determine b(6).
949
Let h(p) = 203*p - 3979. Calculate h(20).
81
Let k(l) = 3043*l + 313330. Give k(-103).
-99
Let g(i) = -1205*i + 8531. What is g(6)?
1301
Let r(d) = -165*d**2 - 8298*d - 57455. What is r(-42)?
1
Let p(b) = 861342*b - 1722682. Determine p(2).
2
Let m(c) = -3*c**3 - 6*c**2 - 23129*c - 69409. Give m(-3).
5
Let h(y) = 2*y**3 + 22*y**2 - 3*y + 33. What is h(-11)?
66
Let y(a) = 13034*a - 391095. What is y(30)?
-75
Let x(l) = -l**2 + 22678*l - 1108814. Calculate x(49).
7
Let w(i) = i**2 + 12*i - 58633. Calculate w(-248).
-105
Let z(s) = 3*s**3 + 18*s**2 + 2446*s + 12167. Give z(-5).
12
Let w(c) = c**3 + 7*c**2 + 75*c - 451. Determine w(8).
1109
Let t(d) = -14*d**3 - 7*d**2 - 27*d - 100. What is t(-4)?
792
Let b(u) = -4*u**2 + 281*u - 1173. Give b(66).
-51
Let k(m) = -m**2 - 7553*m - 796720. Calculate k(-107).
2
Let x(d) = 1204*d + 114297. What is x(-95)?
-83
Let m(k) = 49553*k - 6788781. Determine m(137).
-20
Let j(n) = -6*n**3 - 345*n**2 - 185*n - 385. Give j(-57).
413
Let a(x) = -250*x**2 + 18758*x - 597. What is a(75)?
3
Let r(p) = -173*p - 49350. Give r(-284).
-218
Let k(a) = 2*a**3 + 1040*a**2 + 1114*a + 39440. Calculate k(-519).
-4
Let c(j) = 155*j + 10932. Determine c(-71).
-73
Let d(b) = -3999*b - 1567601. What is d(-392)?
7
Let x(v) = -11*v**2 + 1865*v - 7304. Give x(4).
-20
Let n(b) = 3*b**3 - 125*b**2 + 65*b - 4497. What is n(42)?
-3
Let t(f) = 301*f + 3604. Give t(-12).
-8
Let y(j) = -8*j**2 - 246*j - 278. Give y(-29).
128
Let r(d) = 216*d + 7860. Calculate r(-41).
-996
Let b(w) = w**3 - 900*w**2 + 17609*w - 179. What is b(20)?
1
Let y(x) = -13190*x + 92194. Give y(7).
-136
Let w(a) = 10799*a + 11425. What is w(-1)?
626
Let v(k) = 274365*k + 9328419. Calculate v(-34).
9
Let d(j) = -j**3 + 75*j**2 - 1183*j - 316. Calculate d(23).
-17
Let z(h) = 53*h**3 - 6*h**2 + 971*h + 3994. Give z(-4).
-3378
Let h(y) = -3676*y + 52600. Determine h(14).
1136
Let z(n) = -2*n**2 - 11396*n - 898877. Give z(-80).
3
Let y(d) = 5*d**3 - 12*d**2 - 75*d + 743. What is y(8)?
1935
Let d(y) = 898*y - 26619. Calculate d(25).
-4169
Let i(b) = -74*b**2 - 15612*b + 246. Give i(-211).
-176
Let j(i) = -5917*i - 378838. Determine j(-64).
-150
Let m(l) = -1707*l - 1969874. Determine m(-1154).
4
Let q(d) = -2*d**2 - 60*d + 4177. Calculate q(-63).
19
Let m(q) = 12*q**3 - 272*q**2 + 643*q - 26. Calculate m(20).
34
Let h(q) = 12*q**2 - 4018*q + 8035. Give h(2).
47
Let s(h) = h**3 - 297*h**2 - 60605*h + 448. Calculate s(436).
12
Let b(h) = -670*h - 81056. What is b(-121)?
14
Let s(k) = -104*k - 9966. Calculate s(-97).
122
Let d(r) = -r**3 - 66*r**2 - 125*r + 283. Determine d(-64).
91
Let z(s) = 7*s**2 + 383*s + 4210. Determine z(-15).
40
Let r(f) = -3*f**3 - 107*f**2 - 71*f + 200. What is r(-35)?
235
Let z(v) = -604*v - 78538. Calculate z(-130).
-18
Let d(k) = -150*k**2 + 4662*k - 34347. Calculate d(12).
-3
Let o(w) = -258*w - 26613. Give o(-112).
2283
Let t(g) = -140*g - 12846. Calculate t(-91).
-106
Let k(v) = -13626*v - 218033. Give k(-16).
-17
Let j(m) = m**2 + 23*m - 20812. Calculate j(-152).
-1204
Let j(z) = -1918*z - 65012. Give j(-33).
-1718
Let m(a) = 3*a**2 - 28*a - 2612. Give m(-24).
-212
Let y(o) = -o**3 - 11*o**2 - 528*o - 5237. What is y(-11)?
571
Let a(b) = 2*b**2 - 630*b + 48588. Calculate a(133).
176
Let v(i) = i**3 - 1344*i**2 + 10758*i + 15. What is v(8)?
575
Let c(h) = -276*h - 6763. Determine c(-23).
-415
Let d(f) = 383*f - 10362. Determine d(27).
-21
Let t(w) = -185*w**3 - 26*w**2 - 83*w - 44. Calculate t(-2).
1498
Let s(f) = -46*f**3 + 5*f**2 + 26*f + 147. Give s(-4).
3067
Let x(z) = -5556*z - 16177. Calculate x(-3).
491
Let q(l) = -4360*l - 43620. Give q(-10).
-20
Let l(c) = -431*c + 835. What is l(6)?
-1751
Let k(o) = 17*o**3 + 19*o**2 + 9*o - 189. What is k(3)?
468
Let a(y) = -5178*y - 5502. Determine a(-1).
-324
Let w(o) = -o**2 + 63*o + 313. Determine w(67).
45
Let y(q) = -6*q**2 + 330*q + 1979. Give y(-6).
-217
Let k(p) = -13*p**2 - 2092*p + 197. What is k(-161)?
36
Let f(b) = 13*b**2 - 139*b - 95005. Determine f(91).
-1
Let o(r) = -3572806*r + 10. Calculate o(0).
10
Let f(x) = 131*x**2 + 3817*x + 511. Calculate f(-29).
-11
Let w(z) = -2860*z + 1921. Calculate w(1).
-939
Let w(x) = 5557*x**2 + 200047*x - 184. Calculate w(-36).
-4
Let z(x) = 48*x**2 + 5396*x - 3216. Determine z(-113).
-52
Let l(r) = -55*r**2 - 7339*r - 2996. What is l(-133)?
196
Let o(x) = 120040*x + 1080357. Give o(-9).
-3
Let p(m) = -2*m**3 - 115*m**2 - 1649*m - 550. What is p(-32)?
-6
Let k(j) = -6*j**2 - 284*j + 3175. Determine k(11).
-675
Let l(f) = 9982*f + 59799. Determine l(-6).
-93
Let z(u) = -419716*u + 1678751. Give z(4).
-113
Let t(p) = -4*p**3 + 20*p**2 - 37*p + 73. Calculate t(2).
47
Let w(s) = 15*s**3 - 99*s**2 + 17*s + 9. Calculate w(5).
-506
Let t(m) = -3*m**2 + 4374*m + 129401. Give t(-29).
32
Let f(v) = -2*v**3 + 16*v**2 - 56*v + 36. What is f(3)?
-42
Let y(s) = 2*s**2 - 1495*s - 5983. Calculate y(-4).
29
Let i(y) = 5*y**2 - 199*y - 101916. Give i(164).
-72
Let l(w) = 5470081*w - 27350394. What is l(5)?
11
Let q(t) = 2*t**3 + 16*t**2 + 150*t - 926. Give q(4).
5